a - 2. Let x be q(1). Calculate the greatest common factor of s and x.
8
Let y(a) = a**2 + 21*a + 14. Let t be y(10). What is the greatest common factor of t and 12?
12
Let j = 41 - 39. Suppose -2*x + x - 6 = -4*t, 64 = -j*x - 5*t. Let y = 37 + x. What is the highest common factor of y and 45?
15
Suppose 8*k - 21 = 5*k. Let b(p) = 9*p - 7. Let j be b(k). Suppose -2*y - 2*y = -j. Calculate the highest common factor of y and 126.
14
Let l(k) = 2*k**2 + 12*k + 9. Let z be l(-6). Suppose -5*r - 2*p - z + 154 = 0, 2*r - 42 = -4*p. Calculate the greatest common factor of 279 and r.
31
Suppose -5*m - k = -66, 3*m - 6*m - 3*k = -42. What is the greatest common divisor of m and 2?
1
Let q = 505 + -487. What is the greatest common divisor of 33 and q?
3
Suppose x = 6*x + 3*y - 34, -46 = -5*x + 3*y. Let w = 7404 - 7403. What is the greatest common divisor of w and x?
1
Let f = 75 + -10. Let s = 65 + f. Let t be 25 + 0 - (1 - 2). What is the highest common divisor of t and s?
26
Suppose 2*y - 88 = -0*y. Let h = y + -43. What is the highest common factor of 7 and h?
1
Let x(w) = -33*w**3 + w**2 - w + 1. Let q be x(1). Let g be q/(-4) - (-2 - -2). What is the highest common divisor of 16 and g?
8
Suppose 2*x - 108 = -112, -4*k = -2*x - 16. Let w be 1/((0 - -2)/6). Calculate the greatest common divisor of k and w.
3
Let a be 2/((-2 - -3)/(-4)). Let d = -8 - a. Suppose d = -2*q + 2, -4*o - 2*q = q - 751. What is the greatest common divisor of 17 and o?
17
Let y(x) = -x**2 + 3*x - 3. Let v be y(3). Let r be v + -4 + 2 + 1. Let c(l) = -l + 3. Let b be c(r). What is the greatest common divisor of 14 and b?
7
Suppose 50 = 4*y + y. Suppose 2*j = -3*j + y. Suppose -2*m + 32 = 5*a, m + 38 = 4*m + 5*a. What is the greatest common factor of m and j?
2
Suppose -9*w = -2*w - 126. Let q = -284 - -428. Calculate the greatest common factor of w and q.
18
Let g(o) = -o**3 + o**2 + 3*o - 1. Let v be g(3). Let n = 29 - 7. Let r = n + v. What is the greatest common factor of 96 and r?
12
Suppose -14*w = -11*w + 945. Let a = -51 - w. What is the greatest common factor of a and 33?
33
Let w = 164 - 162. Suppose -w*a = -2*c - 98, 3*a + 0*c - 168 = -4*c. Calculate the highest common divisor of 13 and a.
13
Suppose 33 = 11*h - 0. Calculate the greatest common factor of 3 and h.
3
Suppose -29*w - l + 252 = -25*w, 0 = 2*l. Calculate the highest common factor of 77 and w.
7
Let q = 393 + -350. What is the greatest common factor of q and 1?
1
Let y(o) = o**2 - 7*o + 1. Let l be y(8). Let b be 204/17 + (-3 - 6). What is the greatest common divisor of b and l?
3
Let d(f) = -f + 145. Let k be d(-5). What is the highest common factor of 15 and k?
15
Let k(d) = -27*d - 133. Let f be k(-9). What is the greatest common divisor of 40 and f?
10
Suppose 0 = 2*q + 2*q + 5*j - 12, q - 3 = j. Let a = 8 - 5. Suppose -a = -d - 2*y + 3*y, -q*d + 4*y + 7 = 0. What is the highest common divisor of d and 2?
1
Suppose 0 = 2*u + 2*u - 896. Let r = u - 152. Suppose 0*i + i - r = -5*f, 0 = 5*i - 3*f - 360. What is the highest common divisor of 8 and i?
8
Let t(c) = c**2 - 5*c + 5. Let w be t(-2). Calculate the greatest common factor of w and 57.
19
Let r(q) = -q**2 - 16*q + 4. Let f be r(-16). Suppose -g - 4*h + 72 = -f*g, -43 = 2*g - h. Let o = 38 + g. What is the highest common divisor of o and 6?
6
Let s be 80/5 + (4 - 6). Suppose 10*w - s*w + 91 = -l, w = -2*l + 16. What is the greatest common divisor of 242 and w?
22
Let f be (-42)/((-10)/18*(-32)/(-80)). What is the greatest common divisor of f and 18?
9
Let r = -534 - -562. Calculate the greatest common divisor of r and 133.
7
Suppose 3*d + 120 = 5*d. Let a be 16/7 - (-26)/(-91). Suppose 7 + 17 = a*c. What is the greatest common factor of d and c?
12
Let u(t) = -5*t + t + 1 + 2*t**2 + 2*t + 5*t**2. Let q be u(1). Let a be 145/q - (-7)/(-42). Calculate the greatest common divisor of a and 192.
24
Let o(g) = -g**2 + g - 4. Let v be o(-9). Let r = v + 141. Calculate the highest common factor of 188 and r.
47
Suppose -5*s = 4*x - 148, 0 = 5*s - 5*x - 0*x - 175. Let c = 51 + -58. Let u be (-5)/((-105)/72)*(21 + c). What is the greatest common factor of s and u?
16
Let c(n) = -n + 16. Let x be c(7). Suppose -3*f + 2 = -f. What is the highest common divisor of f and x?
1
Suppose -5*y = -3*k - 24, 2*k = -3*k - 15. Let j be 16/(-24) + 107/y. Let r be (-4)/(-10) - (-6531)/j. Calculate the greatest common divisor of 17 and r.
17
Let h(v) = 3*v + 39 - v - 41. Let f be h(3). Let l be 1/(-2) - (-14)/f. Calculate the greatest common factor of 33 and l.
3
Let o = -22 + 22. Suppose -m - 3*m + 76 = o. Let q = 52 - m. Calculate the highest common divisor of q and 22.
11
Suppose 5*a + 3*g = 782, 3*a - 5*g - 256 - 186 = 0. Let n = 41 - 27. What is the highest common divisor of a and n?
14
Let p(v) = 0*v**2 + 4*v**2 - v - 1 + 3*v**2. Let f be p(-1). Suppose 3*x - 4*l = 38, 4*l = -2*x + 3*l + f. Calculate the highest common factor of x and 15.
3
Let t(q) = 8 - 2*q + 3*q + q**3 - 15*q**2 + 8*q**2. Suppose -3 = -3*y + 21. Let f be t(y). What is the greatest common divisor of f and 10?
10
Let q be ((-4)/(-7))/((-44)/(-154)). Suppose d - 3 = -q. Calculate the highest common factor of d and 7.
1
Let l = 60 - -270. Suppose 2*j = -i + 56, 4*j - 116 = 2*i - 3*i. Calculate the greatest common factor of j and l.
30
Let h = -1774 - -1777. Calculate the highest common divisor of h and 15.
3
Let q(b) = b**2 + 3*b**2 + b + b**3 - 2*b + 30 - 27. Let m be q(-3). What is the greatest common divisor of 75 and m?
15
Let z be 42/(-15)*(-3450)/92. Suppose -32 + 107 = 5*n. What is the greatest common divisor of n and z?
15
Let t be (8/(-6))/((-23)/10764). Calculate the greatest common factor of 48 and t.
48
Let h = -6 - -9. Let n be 2/h - (-18)/(-27) - -27. What is the greatest common divisor of n and 9?
9
Suppose 137*m - 371 = 130*m. Calculate the highest common factor of 636 and m.
53
Let d be (-8)/(-8) - (-4)/((-8)/(-474)). What is the highest common divisor of 68 and d?
34
Let i = -5 + 5. Suppose 6*j - 1060 + 250 = i. Calculate the highest common divisor of j and 15.
15
Let n be (-362)/(-6) - 16/48. Suppose -9*h + 13*h = n. Suppose -4*u + 6*o = 3*o - 33, 2*o = 3*u - 24. Calculate the highest common factor of h and u.
3
Suppose a + 4*y = -104, 2*a + 0*y - 4*y = -172. Let j = -91 - a. Calculate the greatest common divisor of j and 3.
1
Suppose -7*n + 2*n = 5*v + 395, 4*v + 148 = -2*n. Let h = -68 - n. Let y be (-8)/(2/4 + -1). Calculate the greatest common divisor of h and y.
16
Let i = 104 + -103. Calculate the greatest common factor of i and 27.
1
Let g(r) = 3*r**2 + 4*r - 44. Let d be g(6). What is the greatest common factor of d and 154?
22
Let j(h) = 10 - 3*h - 18 + 53. Let a be j(9). Calculate the highest common divisor of a and 12.
6
Suppose 0 = -w + 28 - 38. Let v = w + 85. What is the highest common divisor of 30 and v?
15
Let c be 184/(-276) - (-280)/6. Calculate the greatest common divisor of 1840 and c.
46
Let l(f) = 3*f**2 - f + 9. Let z be l(7). Suppose x + 20 = -84. Let i = z + x. What is the highest common divisor of 30 and i?
15
Let k be 2/4 - 19*(-1)/2. Suppose k = -2*n, -5*n = -q + 42 + 23. What is the greatest common factor of 100 and q?
20
Let h be ((-14)/21*-6321)/(2 - 0). What is the highest common divisor of h and 43?
43
Let k(z) = -2*z + 46. Let d be k(16). Calculate the greatest common factor of 126 and d.
14
Suppose 4*r - 54 = 5*v - 569, 0 = 3*v + r - 292. Calculate the greatest common divisor of 1287 and v.
99
Suppose -150 = -g + 3*u, -u + 269 = 2*g - 17. Suppose 18*j = 21*j - g. What is the greatest common divisor of 36 and j?
12
Suppose 0 = -10*r + 6*r + 1152. Calculate the greatest common factor of r and 18.
18
Let v be ((-77 - 2) + 1)/((-2)/3). Calculate the greatest common factor of v and 13.
13
Suppose 4*z + t = 3162, 15 - 11 = -2*t. What is the greatest common divisor of z and 7?
7
Suppose n + q - 254 = -4*n, -4*q + 200 = 4*n. What is the greatest common factor of 425 and n?
17
Suppose 0 = 5*d + 25, -7*d - 485 = -2*n - 12*d. Calculate the highest common divisor of 15 and n.
15
Let b = 103 + -88. Let o(h) = h + 6. Let m be o(-3). Let r(c) = 39*c + 3. Let k be r(m). Calculate the highest common factor of k and b.
15
Let y(g) = -7*g**3 + 3*g**2 + g - 3. Let